{"id":2781,"date":"2023-04-08T18:33:06","date_gmt":"2023-04-08T16:33:06","guid":{"rendered":"http:\/\/marques-peintre.fr\/?page_id=2781"},"modified":"2023-04-27T21:07:23","modified_gmt":"2023-04-27T19:07:23","slug":"actualite-2","status":"publish","type":"page","link":"http:\/\/marques-peintre.fr\/?page_id=2781","title":{"rendered":"Actualit\u00e9"},"content":{"rendered":"\n\n\n<p><b>Vous&nbsp;<\/b><span style=\"font-weight: 600;\">\u00eates<\/span><b>&nbsp;tous les bien-venus au vernissage dans la cath\u00e9drale le 4 mai :<\/b><\/p>\n<p><img decoding=\"async\" loading=\"lazy\" class=\"aligncenter size-full wp-image-2799\" src=\"http:\/\/marques-peintre.fr\/wp-content\/uploads\/2023\/04\/invitation_vernissage_expo_cathedrale-scaled.jpg\" alt=\"\" width=\"2560\" height=\"1440\" srcset=\"http:\/\/marques-peintre.fr\/wp-content\/uploads\/2023\/04\/invitation_vernissage_expo_cathedrale-scaled.jpg 2560w, http:\/\/marques-peintre.fr\/wp-content\/uploads\/2023\/04\/invitation_vernissage_expo_cathedrale-300x169.jpg 300w, http:\/\/marques-peintre.fr\/wp-content\/uploads\/2023\/04\/invitation_vernissage_expo_cathedrale-540x304.jpg 540w, http:\/\/marques-peintre.fr\/wp-content\/uploads\/2023\/04\/invitation_vernissage_expo_cathedrale-768x432.jpg 768w, http:\/\/marques-peintre.fr\/wp-content\/uploads\/2023\/04\/invitation_vernissage_expo_cathedrale-1536x864.jpg 1536w, http:\/\/marques-peintre.fr\/wp-content\/uploads\/2023\/04\/invitation_vernissage_expo_cathedrale-2048x1152.jpg 2048w\" sizes=\"(max-width: 2560px) 100vw, 2560px\" \/><\/p>\n<p><b>Attention, la date de debut de l&rsquo;exposition risque d&rsquo; \u00eatre le 4 mai et non plus le 29 avril comme indiqu\u00e9 sur l&rsquo;affiche.<\/b><\/p>\n<p><br><img decoding=\"async\" loading=\"lazy\" class=\"aligncenter  wp-image-2793\" src=\"http:\/\/marques-peintre.fr\/wp-content\/uploads\/2023\/04\/Capture-decran-2023-04-10-a-10.26.06.png\" alt=\"\" width=\"484\" height=\"679\" srcset=\"http:\/\/marques-peintre.fr\/wp-content\/uploads\/2023\/04\/Capture-decran-2023-04-10-a-10.26.06.png 1490w, http:\/\/marques-peintre.fr\/wp-content\/uploads\/2023\/04\/Capture-decran-2023-04-10-a-10.26.06-300x421.png 300w, http:\/\/marques-peintre.fr\/wp-content\/uploads\/2023\/04\/Capture-decran-2023-04-10-a-10.26.06-540x757.png 540w, http:\/\/marques-peintre.fr\/wp-content\/uploads\/2023\/04\/Capture-decran-2023-04-10-a-10.26.06-768x1077.png 768w, http:\/\/marques-peintre.fr\/wp-content\/uploads\/2023\/04\/Capture-decran-2023-04-10-a-10.26.06-1095x1536.png 1095w, http:\/\/marques-peintre.fr\/wp-content\/uploads\/2023\/04\/Capture-decran-2023-04-10-a-10.26.06-1460x2048.png 1460w\" sizes=\"(max-width: 484px) 100vw, 484px\" \/><\/p>\n<p>&nbsp;<\/p>\n<p>&nbsp;<\/p>\n<p>Prochaine exposition en la Cath\u00e9drale St Jean \u00e0 Lyon <strong>\u00e0 partir du 4 mai 2023 jusqu&rsquo;au 2 juillet 2023<\/strong>. Entr\u00e9e libre.<\/p>\n\n\n\n\n\n<figure class=\"wp-block-image size-full\"><img decoding=\"async\" loading=\"lazy\" width=\"540\" height=\"720\" src=\"http:\/\/marques-peintre.fr\/wp-content\/uploads\/2023\/04\/IMG_1378-2.jpg\" alt=\"Toile &quot;Madone&quot; suspendue Cath\u00e9drale St Jean Lyon\" class=\"wp-image-2786\" srcset=\"http:\/\/marques-peintre.fr\/wp-content\/uploads\/2023\/04\/IMG_1378-2.jpg 540w, http:\/\/marques-peintre.fr\/wp-content\/uploads\/2023\/04\/IMG_1378-2-300x400.jpg 300w\" sizes=\"(max-width: 540px) 100vw, 540px\" \/><figcaption class=\"wp-element-caption\">Toile \u00ab\u00a0Madone\u00a0\u00bb<\/figcaption><\/figure>\n","protected":false},"excerpt":{"rendered":"<p>Vous&nbsp;\u00eates&nbsp;tous les bien-venus au vernissage dans la cath\u00e9drale le 4 mai : Attention, la date de debut de l&rsquo;exposition risque d&rsquo; \u00eatre le 4 mai et non plus le 29 avril comme indiqu\u00e9 sur l&rsquo;affiche. &nbsp; &nbsp; Prochaine exposition en la Cath\u00e9drale St Jean \u00e0 Lyon \u00e0 partir du 4 mai 2023 jusqu&rsquo;au 2 juillet [&hellip;]<\/p>\n","protected":false},"author":1,"featured_media":0,"parent":0,"menu_order":0,"comment_status":"closed","ping_status":"closed","template":"","meta":{"ngg_post_thumbnail":0},"_links":{"self":[{"href":"http:\/\/marques-peintre.fr\/index.php?rest_route=\/wp\/v2\/pages\/2781"}],"collection":[{"href":"http:\/\/marques-peintre.fr\/index.php?rest_route=\/wp\/v2\/pages"}],"about":[{"href":"http:\/\/marques-peintre.fr\/index.php?rest_route=\/wp\/v2\/types\/page"}],"author":[{"embeddable":true,"href":"http:\/\/marques-peintre.fr\/index.php?rest_route=\/wp\/v2\/users\/1"}],"replies":[{"embeddable":true,"href":"http:\/\/marques-peintre.fr\/index.php?rest_route=%2Fwp%2Fv2%2Fcomments&post=2781"}],"version-history":[{"count":10,"href":"http:\/\/marques-peintre.fr\/index.php?rest_route=\/wp\/v2\/pages\/2781\/revisions"}],"predecessor-version":[{"id":2800,"href":"http:\/\/marques-peintre.fr\/index.php?rest_route=\/wp\/v2\/pages\/2781\/revisions\/2800"}],"wp:attachment":[{"href":"http:\/\/marques-peintre.fr\/index.php?rest_route=%2Fwp%2Fv2%2Fmedia&parent=2781"}],"curies":[{"name":"wp","href":"https:\/\/api.w.org\/{rel}","templated":true}]}}